alculate the remainder when 846 is divided by 16.
14
What is the remainder when 155 is divided by 54?
47
Calculate the remainder when 255 is divided by 109.
37
Calculate the remainder when 1399 is divided by 39.
34
Calculate the remainder when 78 is divided by 78.
0
Calculate the remainder when 129 is divided by 105.
24
What is the remainder when 306 is divided by 22?
20
What is the remainder when 45 is divided by 3?
0
Calculate the remainder when 83 is divided by 13.
5
Calculate the remainder when 149 is divided by 100.
49
Calculate the remainder when 182 is divided by 51.
29
Calculate the remainder when 510 is divided by 64.
62
Calculate the remainder when 2365 is divided by 263.
261
What is the remainder when 197 is divided by 52?
41
What is the remainder when 106 is divided by 40?
26
Calculate the remainder when 160 is divided by 24.
16
Calculate the remainder when 426 is divided by 20.
6
What is the remainder when 9401 is divided by 13?
2
Calculate the remainder when 68 is divided by 40.
28
What is the remainder when 364 is divided by 127?
110
What is the remainder when 24270 is divided by 164?
162
Calculate the remainder when 144 is divided by 11.
1
What is the remainder when 312 is divided by 179?
133
What is the remainder when 895 is divided by 30?
25
What is the remainder when 51421 is divided by 281?
279
Calculate the remainder when 285 is divided by 32.
29
Calculate the remainder when 99 is divided by 37.
25
What is the remainder when 462 is divided by 162?
138
Calculate the remainder when 627 is divided by 53.
44
Calculate the remainder when 2661 is divided by 7.
1
Calculate the remainder when 688 is divided by 192.
112
What is the remainder when 2458 is divided by 12?
10
What is the remainder when 4028 is divided by 38?
0
Calculate the remainder when 33 is divided by 9.
6
Calculate the remainder when 3613 is divided by 17.
9
What is the remainder when 1471 is divided by 64?
63
What is the remainder when 120 is divided by 62?
58
What is the remainder when 245 is divided by 46?
15
Calculate the remainder when 381 is divided by 191.
190
What is the remainder when 47 is divided by 28?
19
What is the remainder when 58097 is divided by 140?
137
Calculate the remainder when 51 is divided by 25.
1
What is the remainder when 91 is divided by 32?
27
What is the remainder when 879 is divided by 428?
23
What is the remainder when 629 is divided by 8?
5
Calculate the remainder when 1211 is divided by 38.
33
What is the remainder when 304 is divided by 294?
10
What is the remainder when 2228 is divided by 724?
56
Calculate the remainder when 398 is divided by 55.
13
What is the remainder when 249 is divided by 78?
15
What is the remainder when 211 is divided by 202?
9
Calculate the remainder when 1622 is divided by 125.
122
Calculate the remainder when 3909 is divided by 112.
101
What is the remainder when 110 is divided by 58?
52
What is the remainder when 2316 is divided by 80?
76
What is the remainder when 8693 is divided by 47?
45
What is the remainder when 108 is divided by 37?
34
Calculate the remainder when 1479 is divided by 12.
3
Calculate the remainder when 163 is divided by 25.
13
Calculate the remainder when 67 is divided by 15.
7
Calculate the remainder when 193 is divided by 50.
43
What is the remainder when 10938 is divided by 3?
0
Calculate the remainder when 523 is divided by 192.
139
What is the remainder when 103 is divided by 9?
4
Calculate the remainder when 486 is divided by 240.
6
Calculate the remainder when 351 is divided by 96.
63
What is the remainder when 98 is divided by 34?
30
What is the remainder when 478 is divided by 85?
53
Calculate the remainder when 1024 is divided by 38.
36
Calculate the remainder when 4542 is divided by 157.
146
What is the remainder when 166 is divided by 97?
69
What is the remainder when 664 is divided by 128?
24
Calculate the remainder when 372 is divided by 20.
12
Calculate the remainder when 167 is divided by 44.
35
What is the remainder when 418 is divided by 30?
28
What is the remainder when 8207 is divided by 228?
227
What is the remainder when 2025 is divided by 39?
36
Calculate the remainder when 1436 is divided by 90.
86
Calculate the remainder when 565 is divided by 147.
124
What is the remainder when 640 is divided by 166?
142
Calculate the remainder when 44505 is divided by 11.
10
Calculate the remainder when 1653 is divided by 69.
66
What is the remainder when 212 is divided by 16?
4
Calculate the remainder when 147 is divided by 30.
27
What is the remainder when 1744 is divided by 27?
16
Calculate the remainder when 1387 is divided by 58.
53
What is the remainder when 194 is divided by 65?
64
What is the remainder when 1049 is divided by 22?
15
What is the remainder when 1063 is divided by 518?
27
What is the remainder when 4735 is divided by 64?
63
Calculate the remainder when 28 is divided by 7.
0
What is the remainder when 241 is divided by 1?
0
Calculate the remainder when 371 is divided by 126.
119
What is the remainder when 51 is divided by 43?
8
What is the remainder when 184 is divided by 49?
37
What is the remainder when 757 is divided by 19?
16
What is the remainder when 10 is divided by 9?
1
What is the remainder when 31 is divided by 22?
9
What is the remainder when 3893 is divided by 16?
5
Calculate the remainder when 424 is divided by 39.
34
Calculate the remainder when 2595 is divided by 59.
58
Calculate the remainder when 73 is divided by 61.
12
What is the remainder when 89 is divided by 34?
21
Calculate the remainder when 123 is divided by 31.
30
What is the remainder when 296 is divided by 75?
71
What is the remainder when 4473 is divided by 1487?
12
What is the remainder when 3263 is divided by 48?
47
Calculate the remainder when 29 is divided by 5.
4
What is the remainder when 42 is divided by 24?
18
What is the remainder when 262 is divided by 22?
20
Calculate the remainder when 166 is divided by 85.
81
Calculate the remainder when 9546 is divided by 154.
152
What is the remainder when 2220 is divided by 57?
54
What is the remainder when 99 is divided by 46?
7
Calculate the remainder when 944 is divided by 145.
74
Calculate the remainder when 824 is divided by 147.
89
What is the remainder when 291 is divided by 63?
39
Calculate the remainder when 274 is divided by 56.
50
Calculate the remainder when 11 is divided by 1.
0
What is the remainder when 5588 is divided by 329?
324
Calculate the remainder when 855 is divided by 41.
35
Calculate the remainder when 197 is divided by 114.
83
What is the remainder when 85 is divided by 24?
13
Calculate the remainder when 410 is divided by 7.
4
Calculate the remainder when 198 is divided by 74.
50
What is the remainder when 2112 is divided by 73?
68
Calculate the remainder when 1802 is divided by 86.
82
What is the remainder when 430 is divided by 40?
30
What is the remainder when 267 is divided by 30?
27
What is the remainder when 265 is divided by 89?
87
What is the remainder when 9167 is divided by 191?
190
What is the remainder when 231 is divided by 78?
75
What is the remainder when 1524 is divided by 35?
19
Calculate the remainder when 252 is divided by 17.
14
What is the remainder when 1085 is divided by 120?
5
What is the remainder when 8925 is divided by 72?
69
Calculate the remainder when 2942 is divided by 37.
19
What is the remainder when 35 is divided by 25?
10
Calculate the remainder when 55 is divided by 45.
10
Calculate the remainder when 888 is divided by 30.
18
What is the remainder when 1446 is divided by 112?
102
What is the remainder when 317 is divided by 14?
9
What is the remainder when 1915 is divided by 354?
145
What is the remainder when 3899 is divided by 25?
24
Calculate the remainder when 1143 is divided by 566.
11
Calculate the remainder when 89 is divided by 42.
5
What is the remainder when 194 is divided by 66?
62
What is the remainder when 1358 is divided by 6?
2
Calculate the remainder when 248 is divided by 10.
8
Calculate the remainder when 176 is divided by 47.
35
What is the remainder when 217 is divided by 73?
71
What is the remainder when 170 is divided by 40?
10
What is the remainder when 131 is divided by 12?
11
What is the remainder when 397 is divided by 7?
5
What 